{"id":15515,"date":"2017-06-11T14:15:06","date_gmt":"2017-06-11T14:15:06","guid":{"rendered":"http:\/\/aspis.aau.at\/?page_id=15515"},"modified":"2017-06-12T10:07:51","modified_gmt":"2017-06-12T10:07:51","slug":"15515-2","status":"publish","type":"page","link":"https:\/\/aspis.aau.at\/?page_id=15515","title":{"rendered":"TschetschenInnen &#8211; Menschen wie wir"},"content":{"rendered":"<p>[vc_row css_animation=&#8221;&#8221; row_type=&#8221;row&#8221; use_row_as_full_screen_section=&#8221;no&#8221; type=&#8221;full_width&#8221; angled_section=&#8221;no&#8221; text_align=&#8221;left&#8221; background_image_as_pattern=&#8221;without_pattern&#8221;][vc_column][vc_column_text]<em>Das Projekt TschetschenInnen &#8211; Menschen wie wir ist inzwischen abgeschlossen.<\/em><\/p>\n<p>Ein Informationsprojekt von Mag. Siegfried Stupnig<\/p>\n<p>&nbsp;<\/p>\n<p>Wir bieten verschiedene Seminare und Vortr\u00e4ge zum Themenkreis tschetschenische<br \/>\nFl\u00fcchtlinge an. Diese Workshops k\u00f6nnen f\u00fcr alle Menschen die in ihrem Arbeitsfeld mit<br \/>\nFl\u00fcchtlingen aus dem Nordkaukasus in Ber\u00fchrung kommen hilfreich sein. Insbesondere<br \/>\nrichtet sich das Seminarangebot auch an JournalistInnen, LehrerInnen, Kinderg\u00e4rntnerInnen,<br \/>\nSozialarbeiterInnen, PsychologInnen, P\u00e4dagogInnen, TherapeutInnen, PolizistInnen,<br \/>\nStudentInnen, PolitikerInnen und alle Menschen die gerne mehr \u00fcber dieBewohnerInnen des<br \/>\nNordkaukasus erfahren wollen.<\/p>\n<p>&nbsp;<\/p>\n<p><strong>Seminare, Workshops und Vortr\u00e4gezum Thema Tschetschenien:<\/strong><\/p>\n<ul>\n<li>Die Geschichte der Tschetschenen und die aktuelle Lage im Krisengebiet<\/li>\n<li>\u201eTschetschenische Kultur\u201c \u2013 Gesellschaftliche Normen und Wertevorstellungen im Nordkaukasus<\/li>\n<li>\u201eTrauma und Tschetschenien\u201c \u2013 aus der Arbeit mit traumatisierten Fl\u00fcchtlingen<\/li>\n<li>\u201eFeindbild Tschetschenen\u201c und daraus entstehende Erschwernisse in der Integrationsarbeit<\/li>\n<li>Frauen im Nordkaukasus: Die Rolle der kaukasischen Frau in der Gesellschaft<\/li>\n<li>Projektpr\u00e4sentation \u201eTschetschenInnen, Menschen wie wir\u201c: 11 Jahre Integrationszusammenarbeit mit tschetschenischen Familien<\/li>\n<\/ul>\n<p>&nbsp;<\/p>\n<p>Die Seminare werden halbtags bzw. ganzt\u00e4gig angeboten und in ganz \u00d6sterreich abgehalten.<br \/>\nDie Themenbereiche Geschichte, Kultur und Frauen im Kaukasus werden jeweils mit einem<br \/>\nCo-Referenten bzw. einer Co-Referentin aus dem Nordkaukasus abgehalten.<\/p>\n<p>Weitere Infos:<br \/>\neMail: siegfriedstupnig@hotmail.com<br \/>\nWebsite: http:\/\/siegfriedstupnig.jimdo.com\/<br \/>\nSiegfried Stupnig ist freiberuflicher Psychologe und leitet seit \u00fcber 10 Jahren Integrations-<br \/>\nund Informationsprojekte mit Fl\u00fcchtlingsfamilien aus dem Kaukasus.<\/p>\n<p>&nbsp;<\/p>\n<p>[\/vc_column_text][\/vc_column][\/vc_row]<\/p>\n","protected":false},"excerpt":{"rendered":"<p>[vc_row css_animation=&#8221;&#8221; row_type=&#8221;row&#8221; use_row_as_full_screen_section=&#8221;no&#8221; type=&#8221;full_width&#8221; angled_section=&#8221;no&#8221; text_align=&#8221;left&#8221; background_image_as_pattern=&#8221;without_pattern&#8221;][vc_column][vc_column_text]Das Projekt TschetschenInnen &#8211; Menschen wie wir ist inzwischen abgeschlossen. Ein Informationsprojekt von Mag. Siegfried Stupnig &nbsp; Wir bieten verschiedene Seminare und Vortr\u00e4ge zum Themenkreis tschetschenische Fl\u00fcchtlinge an. Diese Workshops k\u00f6nnen f\u00fcr alle Menschen die in ihrem Arbeitsfeld mit Fl\u00fcchtlingen aus dem Nordkaukasus in Ber\u00fchrung kommen hilfreich sein. [&hellip;]<\/p>\n","protected":false},"author":1,"featured_media":0,"parent":0,"menu_order":0,"comment_status":"closed","ping_status":"closed","template":"","meta":{"footnotes":""},"class_list":["post-15515","page","type-page","status-publish","hentry"],"_links":{"self":[{"href":"https:\/\/aspis.aau.at\/index.php?rest_route=\/wp\/v2\/pages\/15515","targetHints":{"allow":["GET"]}}],"collection":[{"href":"https:\/\/aspis.aau.at\/index.php?rest_route=\/wp\/v2\/pages"}],"about":[{"href":"https:\/\/aspis.aau.at\/index.php?rest_route=\/wp\/v2\/types\/page"}],"author":[{"embeddable":true,"href":"https:\/\/aspis.aau.at\/index.php?rest_route=\/wp\/v2\/users\/1"}],"replies":[{"embeddable":true,"href":"https:\/\/aspis.aau.at\/index.php?rest_route=%2Fwp%2Fv2%2Fcomments&post=15515"}],"version-history":[{"count":5,"href":"https:\/\/aspis.aau.at\/index.php?rest_route=\/wp\/v2\/pages\/15515\/revisions"}],"predecessor-version":[{"id":15555,"href":"https:\/\/aspis.aau.at\/index.php?rest_route=\/wp\/v2\/pages\/15515\/revisions\/15555"}],"wp:attachment":[{"href":"https:\/\/aspis.aau.at\/index.php?rest_route=%2Fwp%2Fv2%2Fmedia&parent=15515"}],"curies":[{"name":"wp","href":"https:\/\/api.w.org\/{rel}","templated":true}]}}