{"id":15503,"date":"2017-06-11T14:05:32","date_gmt":"2017-06-11T14:05:32","guid":{"rendered":"http:\/\/aspis.aau.at\/?page_id=15503"},"modified":"2024-11-05T08:58:55","modified_gmt":"2024-11-05T08:58:55","slug":"spenden","status":"publish","type":"page","link":"https:\/\/aspis.aau.at\/?page_id=15503","title":{"rendered":"Spenden"},"content":{"rendered":"\n<figure class=\"wp-block-image size-large\"><img loading=\"lazy\" decoding=\"async\" width=\"683\" height=\"1024\" src=\"http:\/\/aspis.aau.at\/wp-content\/uploads\/2024\/08\/pexels-liza-summer-6348123-683x1024.jpg\" alt=\"\" class=\"wp-image-15835\" srcset=\"https:\/\/aspis.aau.at\/wp-content\/uploads\/2024\/08\/pexels-liza-summer-6348123-683x1024.jpg 683w, https:\/\/aspis.aau.at\/wp-content\/uploads\/2024\/08\/pexels-liza-summer-6348123-200x300.jpg 200w, https:\/\/aspis.aau.at\/wp-content\/uploads\/2024\/08\/pexels-liza-summer-6348123-768x1152.jpg 768w, https:\/\/aspis.aau.at\/wp-content\/uploads\/2024\/08\/pexels-liza-summer-6348123-1024x1536.jpg 1024w, https:\/\/aspis.aau.at\/wp-content\/uploads\/2024\/08\/pexels-liza-summer-6348123-1365x2048.jpg 1365w, https:\/\/aspis.aau.at\/wp-content\/uploads\/2024\/08\/pexels-liza-summer-6348123-700x1050.jpg 700w, https:\/\/aspis.aau.at\/wp-content\/uploads\/2024\/08\/pexels-liza-summer-6348123-scaled.jpg 1707w\" sizes=\"auto, (max-width: 683px) 100vw, 683px\" \/><\/figure>\n\n\n\n<p><\/p>\n\n\n\n<p>Der Verein ASPIS wird aus Geldern des Europ\u00e4ischen Fl\u00fcchtlingsfonds (EFF) und des Bundesministeriums f\u00fcr Inneres (BMI) kofinanziert. Subventionen erhalten wir vom Sozialreferat des Landes K\u00e4rnten und vom Magistrat der Stadt Klagenfurt. Weiters sind wir auf die Mitgliedsbeitr\u00e4ge und Spenden unserer F\u00f6rderer angewiesen.<br>Wenn Sie unsere Arbeit unterst\u00fctzen m\u00f6chten, w\u00fcrden wir uns sehr freuen. Um dem Verein beizutreten, schreiben Sie bitte eine kurze Email an <a href=\"mailto:aspis@aau.at\">aspis@aau.at<\/a><\/p>\n\n\n\n<p>&nbsp;<\/p>\n\n\n\n<p><strong>Mitgliedschaft:<\/strong><br>Eine Mitgliedschaft wird durch \u00dcberweisung eines der unten genannten Betr\u00e4ge automatisch begonnen.<br>Einfache Mitgliedschaft: 25,- \u20ac j\u00e4hrlich<br>F\u00f6rdernde Mitgliedschaft: 75,- \u20ac j\u00e4hrlich<\/p>\n\n\n\n<p><strong>Spende:<\/strong><br>ASPIS ist ein gemeinn\u00fctziger Verein, d.h. Spenden sind steuerlich absetzbar. Eine gesonderte Spendenquittung \/ Zuwendungsbescheinigung ist <a href=\"mailto:aspis@aau.at\">auf Anfrage<\/a> erh\u00e4ltlich.<\/p>\n\n\n\n<p>&nbsp;<\/p>\n\n\n\n<p><strong>Bankverbindung:<\/strong><br>Raiffeisenlandesbank K\u00e4rnten<br>IBAN: AT73 3900 0000 0250 7788<br>BIC: RZKTAT2KXXX<\/p>\n","protected":false},"excerpt":{"rendered":"<p>Der Verein ASPIS wird aus Geldern des Europ\u00e4ischen Fl\u00fcchtlingsfonds (EFF) und des Bundesministeriums f\u00fcr Inneres (BMI) kofinanziert. Subventionen erhalten wir vom Sozialreferat des Landes K\u00e4rnten und vom Magistrat der Stadt Klagenfurt. Weiters sind wir auf die Mitgliedsbeitr\u00e4ge und Spenden unserer F\u00f6rderer angewiesen.Wenn Sie unsere Arbeit unterst\u00fctzen m\u00f6chten, w\u00fcrden wir uns sehr freuen. Um dem Verein [&hellip;]<\/p>\n","protected":false},"author":1,"featured_media":0,"parent":0,"menu_order":0,"comment_status":"closed","ping_status":"closed","template":"","meta":{"footnotes":""},"class_list":["post-15503","page","type-page","status-publish","hentry"],"_links":{"self":[{"href":"https:\/\/aspis.aau.at\/index.php?rest_route=\/wp\/v2\/pages\/15503","targetHints":{"allow":["GET"]}}],"collection":[{"href":"https:\/\/aspis.aau.at\/index.php?rest_route=\/wp\/v2\/pages"}],"about":[{"href":"https:\/\/aspis.aau.at\/index.php?rest_route=\/wp\/v2\/types\/page"}],"author":[{"embeddable":true,"href":"https:\/\/aspis.aau.at\/index.php?rest_route=\/wp\/v2\/users\/1"}],"replies":[{"embeddable":true,"href":"https:\/\/aspis.aau.at\/index.php?rest_route=%2Fwp%2Fv2%2Fcomments&post=15503"}],"version-history":[{"count":10,"href":"https:\/\/aspis.aau.at\/index.php?rest_route=\/wp\/v2\/pages\/15503\/revisions"}],"predecessor-version":[{"id":15884,"href":"https:\/\/aspis.aau.at\/index.php?rest_route=\/wp\/v2\/pages\/15503\/revisions\/15884"}],"wp:attachment":[{"href":"https:\/\/aspis.aau.at\/index.php?rest_route=%2Fwp%2Fv2%2Fmedia&parent=15503"}],"curies":[{"name":"wp","href":"https:\/\/api.w.org\/{rel}","templated":true}]}}